{"id":43,"date":"2020-01-16T20:45:14","date_gmt":"2020-01-16T19:45:14","guid":{"rendered":"http:\/\/www.zsczudec.pl\/?page_id=43"},"modified":"2020-01-16T20:45:14","modified_gmt":"2020-01-16T19:45:14","slug":"misja-szkoly","status":"publish","type":"page","link":"https:\/\/www.zsczudec.pl\/?page_id=43","title":{"rendered":"Misja Szko\u0142y"},"content":{"rendered":"\n<h6 class=\"wp-block-heading\">Szko\u0142a przyjazna m\u0142odzie\u017cy,<br>otwarta na potrzeby \u015brodowiska,<br>szanuj\u0105ca tradycje,<br>wszechstronnie kszta\u0142c\u0105ca,<br>uwzgl\u0119dniaj\u0105ca indywidualne cechy uczni\u00f3w.<\/h6>\n\n\n\n<h6 class=\"wp-block-heading\">Przygotowuj\u0105ca do \u017cycia w spo\u0142ecze\u0144stwie w oparciu o zasady humanizmu, demokracji, sprawiedliwo\u015bci, tolerancji i&nbsp;solidarno\u015bci.<\/h6>\n","protected":false},"excerpt":{"rendered":"<p>Szko\u0142a przyjazna m\u0142odzie\u017cy,otwarta na potrzeby \u015brodowiska,szanuj\u0105ca tradycje,wszechstronnie kszta\u0142c\u0105ca,uwzgl\u0119dniaj\u0105ca indywidualne cechy uczni\u00f3w. Przygotowuj\u0105ca do \u017cycia w spo\u0142ecze\u0144stwie w oparciu o zasady humanizmu, demokracji, [&hellip;]<\/p>\n","protected":false},"author":1,"featured_media":0,"parent":0,"menu_order":0,"comment_status":"closed","ping_status":"closed","template":"","meta":{"footnotes":""},"class_list":["post-43","page","type-page","status-publish","hentry"],"_links":{"self":[{"href":"https:\/\/www.zsczudec.pl\/index.php?rest_route=\/wp\/v2\/pages\/43","targetHints":{"allow":["GET"]}}],"collection":[{"href":"https:\/\/www.zsczudec.pl\/index.php?rest_route=\/wp\/v2\/pages"}],"about":[{"href":"https:\/\/www.zsczudec.pl\/index.php?rest_route=\/wp\/v2\/types\/page"}],"author":[{"embeddable":true,"href":"https:\/\/www.zsczudec.pl\/index.php?rest_route=\/wp\/v2\/users\/1"}],"replies":[{"embeddable":true,"href":"https:\/\/www.zsczudec.pl\/index.php?rest_route=%2Fwp%2Fv2%2Fcomments&post=43"}],"version-history":[{"count":1,"href":"https:\/\/www.zsczudec.pl\/index.php?rest_route=\/wp\/v2\/pages\/43\/revisions"}],"predecessor-version":[{"id":44,"href":"https:\/\/www.zsczudec.pl\/index.php?rest_route=\/wp\/v2\/pages\/43\/revisions\/44"}],"wp:attachment":[{"href":"https:\/\/www.zsczudec.pl\/index.php?rest_route=%2Fwp%2Fv2%2Fmedia&parent=43"}],"curies":[{"name":"wp","href":"https:\/\/api.w.org\/{rel}","templated":true}]}}