{"id":280,"date":"2020-01-24T20:30:58","date_gmt":"2020-01-24T19:30:58","guid":{"rendered":"http:\/\/www.zsczudec.pl\/?page_id=280"},"modified":"2022-11-16T11:03:02","modified_gmt":"2022-11-16T10:03:02","slug":"kolo-strzeleckie","status":"publish","type":"page","link":"https:\/\/www.zsczudec.pl\/?page_id=280","title":{"rendered":"Ko\u0142o strzeleckie"},"content":{"rendered":"\n<p> Zespole Szk\u00f3\u0142 w Czudcu dzia\u0142a szkolne ko\u0142o strzeleckie\u00a0<strong>\u201eSok\u00f3\u0142\u201d<\/strong>, gdzie pod czujnym okiem\u00a0<strong>mgr Wojciecha Szeli<\/strong>\u00a0m\u0142odzie\u017c szkolna ma mo\u017cliwo\u015b\u0107 uczy\u0107 si\u0119 i kszta\u0142towa\u0107 umiej\u0119tno\u015bci strzeleckie, przygotowuj\u0105c si\u0119 rokrocznie do turniej\u00f3w i zawod\u00f3w strzeleckich, zawod\u00f3w sportowo obronnych\u00a0<strong>&#8222;Sprawni jak \u017bo\u0142nierze&#8221;<\/strong>, a\u00a0tak\u017ce turniej\u00f3w mi\u0119dzyszkolnych. <\/p>\n\n\n\n<figure class=\"wp-block-gallery columns-3 is-cropped wp-block-gallery-1 is-layout-flex wp-block-gallery-is-layout-flex\"><ul class=\"blocks-gallery-grid\"><li class=\"blocks-gallery-item\"><figure><a href=\"http:\/\/www.zsczudec.pl\/wp-content\/uploads\/2020\/01\/ib_p075_0_1.jpg\"><img fetchpriority=\"high\" decoding=\"async\" width=\"448\" height=\"300\" src=\"http:\/\/www.zsczudec.pl\/wp-content\/uploads\/2020\/01\/ib_p075_0_1.jpg\" alt=\"\" data-id=\"271\" data-full-url=\"http:\/\/www.zsczudec.pl\/wp-content\/uploads\/2020\/01\/ib_p075_0_1.jpg\" data-link=\"http:\/\/www.zsczudec.pl\/ib_p075_0_1\/\" class=\"wp-image-271\" srcset=\"https:\/\/www.zsczudec.pl\/wp-content\/uploads\/2020\/01\/ib_p075_0_1.jpg 448w, https:\/\/www.zsczudec.pl\/wp-content\/uploads\/2020\/01\/ib_p075_0_1-300x201.jpg 300w, https:\/\/www.zsczudec.pl\/wp-content\/uploads\/2020\/01\/ib_p075_0_1-230x154.jpg 230w, https:\/\/www.zsczudec.pl\/wp-content\/uploads\/2020\/01\/ib_p075_0_1-350x234.jpg 350w\" sizes=\"(max-width: 448px) 100vw, 448px\" \/><\/a><\/figure><\/li><li class=\"blocks-gallery-item\"><figure><a href=\"http:\/\/www.zsczudec.pl\/wp-content\/uploads\/2020\/01\/ib_p075_0_2.jpg\"><img decoding=\"async\" width=\"300\" height=\"448\" src=\"http:\/\/www.zsczudec.pl\/wp-content\/uploads\/2020\/01\/ib_p075_0_2.jpg\" alt=\"\" data-id=\"272\" data-full-url=\"http:\/\/www.zsczudec.pl\/wp-content\/uploads\/2020\/01\/ib_p075_0_2.jpg\" data-link=\"http:\/\/www.zsczudec.pl\/ib_p075_0_2\/\" class=\"wp-image-272\" srcset=\"https:\/\/www.zsczudec.pl\/wp-content\/uploads\/2020\/01\/ib_p075_0_2.jpg 300w, https:\/\/www.zsczudec.pl\/wp-content\/uploads\/2020\/01\/ib_p075_0_2-201x300.jpg 201w, https:\/\/www.zsczudec.pl\/wp-content\/uploads\/2020\/01\/ib_p075_0_2-230x343.jpg 230w\" sizes=\"(max-width: 300px) 100vw, 300px\" \/><\/a><\/figure><\/li><li class=\"blocks-gallery-item\"><figure><a href=\"http:\/\/www.zsczudec.pl\/wp-content\/uploads\/2020\/01\/ib_p075_0_3.jpg\"><img decoding=\"async\" width=\"300\" height=\"448\" src=\"http:\/\/www.zsczudec.pl\/wp-content\/uploads\/2020\/01\/ib_p075_0_3.jpg\" alt=\"\" data-id=\"273\" data-full-url=\"http:\/\/www.zsczudec.pl\/wp-content\/uploads\/2020\/01\/ib_p075_0_3.jpg\" data-link=\"http:\/\/www.zsczudec.pl\/ib_p075_0_3\/\" class=\"wp-image-273\" srcset=\"https:\/\/www.zsczudec.pl\/wp-content\/uploads\/2020\/01\/ib_p075_0_3.jpg 300w, https:\/\/www.zsczudec.pl\/wp-content\/uploads\/2020\/01\/ib_p075_0_3-201x300.jpg 201w, https:\/\/www.zsczudec.pl\/wp-content\/uploads\/2020\/01\/ib_p075_0_3-230x343.jpg 230w\" sizes=\"(max-width: 300px) 100vw, 300px\" \/><\/a><\/figure><\/li><li class=\"blocks-gallery-item\"><figure><a href=\"http:\/\/www.zsczudec.pl\/wp-content\/uploads\/2020\/01\/ib_p075_0_4.jpg\"><img loading=\"lazy\" decoding=\"async\" width=\"448\" height=\"300\" src=\"http:\/\/www.zsczudec.pl\/wp-content\/uploads\/2020\/01\/ib_p075_0_4.jpg\" alt=\"\" data-id=\"274\" data-full-url=\"http:\/\/www.zsczudec.pl\/wp-content\/uploads\/2020\/01\/ib_p075_0_4.jpg\" data-link=\"http:\/\/www.zsczudec.pl\/ib_p075_0_4\/\" class=\"wp-image-274\" srcset=\"https:\/\/www.zsczudec.pl\/wp-content\/uploads\/2020\/01\/ib_p075_0_4.jpg 448w, https:\/\/www.zsczudec.pl\/wp-content\/uploads\/2020\/01\/ib_p075_0_4-300x201.jpg 300w, https:\/\/www.zsczudec.pl\/wp-content\/uploads\/2020\/01\/ib_p075_0_4-230x154.jpg 230w, https:\/\/www.zsczudec.pl\/wp-content\/uploads\/2020\/01\/ib_p075_0_4-350x234.jpg 350w\" sizes=\"(max-width: 448px) 100vw, 448px\" \/><\/a><\/figure><\/li><li class=\"blocks-gallery-item\"><figure><a href=\"http:\/\/www.zsczudec.pl\/wp-content\/uploads\/2020\/01\/ib_p075_0_5.jpg\"><img loading=\"lazy\" decoding=\"async\" width=\"448\" height=\"299\" src=\"http:\/\/www.zsczudec.pl\/wp-content\/uploads\/2020\/01\/ib_p075_0_5.jpg\" alt=\"\" data-id=\"275\" data-full-url=\"http:\/\/www.zsczudec.pl\/wp-content\/uploads\/2020\/01\/ib_p075_0_5.jpg\" data-link=\"http:\/\/www.zsczudec.pl\/ib_p075_0_5\/\" class=\"wp-image-275\" srcset=\"https:\/\/www.zsczudec.pl\/wp-content\/uploads\/2020\/01\/ib_p075_0_5.jpg 448w, https:\/\/www.zsczudec.pl\/wp-content\/uploads\/2020\/01\/ib_p075_0_5-300x200.jpg 300w, https:\/\/www.zsczudec.pl\/wp-content\/uploads\/2020\/01\/ib_p075_0_5-230x154.jpg 230w, https:\/\/www.zsczudec.pl\/wp-content\/uploads\/2020\/01\/ib_p075_0_5-350x234.jpg 350w\" sizes=\"(max-width: 448px) 100vw, 448px\" \/><\/a><\/figure><\/li><li class=\"blocks-gallery-item\"><figure><a href=\"http:\/\/www.zsczudec.pl\/wp-content\/uploads\/2020\/01\/ib_p075_0_6.jpg\"><img loading=\"lazy\" decoding=\"async\" width=\"448\" height=\"299\" src=\"http:\/\/www.zsczudec.pl\/wp-content\/uploads\/2020\/01\/ib_p075_0_6.jpg\" alt=\"\" data-id=\"276\" data-full-url=\"http:\/\/www.zsczudec.pl\/wp-content\/uploads\/2020\/01\/ib_p075_0_6.jpg\" data-link=\"http:\/\/www.zsczudec.pl\/ib_p075_0_6\/\" class=\"wp-image-276\" srcset=\"https:\/\/www.zsczudec.pl\/wp-content\/uploads\/2020\/01\/ib_p075_0_6.jpg 448w, https:\/\/www.zsczudec.pl\/wp-content\/uploads\/2020\/01\/ib_p075_0_6-300x200.jpg 300w, https:\/\/www.zsczudec.pl\/wp-content\/uploads\/2020\/01\/ib_p075_0_6-230x154.jpg 230w, https:\/\/www.zsczudec.pl\/wp-content\/uploads\/2020\/01\/ib_p075_0_6-350x234.jpg 350w\" sizes=\"(max-width: 448px) 100vw, 448px\" \/><\/a><\/figure><\/li><li class=\"blocks-gallery-item\"><figure><a href=\"http:\/\/www.zsczudec.pl\/wp-content\/uploads\/2020\/01\/ib_p075_0_7.jpg\"><img loading=\"lazy\" decoding=\"async\" width=\"448\" height=\"299\" src=\"http:\/\/www.zsczudec.pl\/wp-content\/uploads\/2020\/01\/ib_p075_0_7.jpg\" alt=\"\" data-id=\"277\" data-full-url=\"http:\/\/www.zsczudec.pl\/wp-content\/uploads\/2020\/01\/ib_p075_0_7.jpg\" data-link=\"http:\/\/www.zsczudec.pl\/ib_p075_0_7\/\" class=\"wp-image-277\" srcset=\"https:\/\/www.zsczudec.pl\/wp-content\/uploads\/2020\/01\/ib_p075_0_7.jpg 448w, https:\/\/www.zsczudec.pl\/wp-content\/uploads\/2020\/01\/ib_p075_0_7-300x200.jpg 300w, https:\/\/www.zsczudec.pl\/wp-content\/uploads\/2020\/01\/ib_p075_0_7-230x154.jpg 230w, https:\/\/www.zsczudec.pl\/wp-content\/uploads\/2020\/01\/ib_p075_0_7-350x234.jpg 350w\" sizes=\"(max-width: 448px) 100vw, 448px\" \/><\/a><\/figure><\/li><li class=\"blocks-gallery-item\"><figure><a href=\"http:\/\/www.zsczudec.pl\/wp-content\/uploads\/2020\/01\/ib_p075_0_8.jpg\"><img loading=\"lazy\" decoding=\"async\" width=\"448\" height=\"299\" src=\"http:\/\/www.zsczudec.pl\/wp-content\/uploads\/2020\/01\/ib_p075_0_8.jpg\" alt=\"\" data-id=\"278\" data-full-url=\"http:\/\/www.zsczudec.pl\/wp-content\/uploads\/2020\/01\/ib_p075_0_8.jpg\" data-link=\"http:\/\/www.zsczudec.pl\/ib_p075_0_8\/\" class=\"wp-image-278\" srcset=\"https:\/\/www.zsczudec.pl\/wp-content\/uploads\/2020\/01\/ib_p075_0_8.jpg 448w, https:\/\/www.zsczudec.pl\/wp-content\/uploads\/2020\/01\/ib_p075_0_8-300x200.jpg 300w, https:\/\/www.zsczudec.pl\/wp-content\/uploads\/2020\/01\/ib_p075_0_8-230x154.jpg 230w, https:\/\/www.zsczudec.pl\/wp-content\/uploads\/2020\/01\/ib_p075_0_8-350x234.jpg 350w\" sizes=\"(max-width: 448px) 100vw, 448px\" \/><\/a><\/figure><\/li><li class=\"blocks-gallery-item\"><figure><a href=\"http:\/\/www.zsczudec.pl\/wp-content\/uploads\/2020\/01\/ib_p075_0_9.jpg\"><img loading=\"lazy\" decoding=\"async\" width=\"299\" height=\"448\" src=\"http:\/\/www.zsczudec.pl\/wp-content\/uploads\/2020\/01\/ib_p075_0_9.jpg\" alt=\"\" data-id=\"279\" data-full-url=\"http:\/\/www.zsczudec.pl\/wp-content\/uploads\/2020\/01\/ib_p075_0_9.jpg\" data-link=\"http:\/\/www.zsczudec.pl\/ib_p075_0_9\/\" class=\"wp-image-279\" srcset=\"https:\/\/www.zsczudec.pl\/wp-content\/uploads\/2020\/01\/ib_p075_0_9.jpg 299w, https:\/\/www.zsczudec.pl\/wp-content\/uploads\/2020\/01\/ib_p075_0_9-200x300.jpg 200w, https:\/\/www.zsczudec.pl\/wp-content\/uploads\/2020\/01\/ib_p075_0_9-230x345.jpg 230w\" sizes=\"(max-width: 299px) 100vw, 299px\" \/><\/a><\/figure><\/li><\/ul><\/figure>\n","protected":false},"excerpt":{"rendered":"<p>Zespole Szk\u00f3\u0142 w Czudcu dzia\u0142a szkolne ko\u0142o strzeleckie\u00a0\u201eSok\u00f3\u0142\u201d, gdzie pod czujnym okiem\u00a0mgr Wojciecha Szeli\u00a0m\u0142odzie\u017c szkolna ma mo\u017cliwo\u015b\u0107 uczy\u0107 si\u0119 i kszta\u0142towa\u0107 umiej\u0119tno\u015bci [&hellip;]<\/p>\n","protected":false},"author":1,"featured_media":0,"parent":0,"menu_order":0,"comment_status":"closed","ping_status":"closed","template":"","meta":{"footnotes":""},"class_list":["post-280","page","type-page","status-publish","hentry"],"_links":{"self":[{"href":"https:\/\/www.zsczudec.pl\/index.php?rest_route=\/wp\/v2\/pages\/280","targetHints":{"allow":["GET"]}}],"collection":[{"href":"https:\/\/www.zsczudec.pl\/index.php?rest_route=\/wp\/v2\/pages"}],"about":[{"href":"https:\/\/www.zsczudec.pl\/index.php?rest_route=\/wp\/v2\/types\/page"}],"author":[{"embeddable":true,"href":"https:\/\/www.zsczudec.pl\/index.php?rest_route=\/wp\/v2\/users\/1"}],"replies":[{"embeddable":true,"href":"https:\/\/www.zsczudec.pl\/index.php?rest_route=%2Fwp%2Fv2%2Fcomments&post=280"}],"version-history":[{"count":3,"href":"https:\/\/www.zsczudec.pl\/index.php?rest_route=\/wp\/v2\/pages\/280\/revisions"}],"predecessor-version":[{"id":1752,"href":"https:\/\/www.zsczudec.pl\/index.php?rest_route=\/wp\/v2\/pages\/280\/revisions\/1752"}],"wp:attachment":[{"href":"https:\/\/www.zsczudec.pl\/index.php?rest_route=%2Fwp%2Fv2%2Fmedia&parent=280"}],"curies":[{"name":"wp","href":"https:\/\/api.w.org\/{rel}","templated":true}]}}