{"id":259,"date":"2020-01-24T12:59:14","date_gmt":"2020-01-24T11:59:14","guid":{"rendered":"http:\/\/www.zsczudec.pl\/?page_id=259"},"modified":"2020-01-24T12:59:14","modified_gmt":"2020-01-24T11:59:14","slug":"klub-europejski-razem-o-klubie","status":"publish","type":"page","link":"https:\/\/www.zsczudec.pl\/?page_id=259","title":{"rendered":"Klub europejski &#8222;RAZEM&#8221; &#8211; O Klubie"},"content":{"rendered":"\n<div class=\"wp-block-columns is-layout-flex wp-container-core-columns-is-layout-28f84493 wp-block-columns-is-layout-flex\">\n<div class=\"wp-block-column is-layout-flow wp-block-column-is-layout-flow\" style=\"flex-basis:66.66%\">\n<h5 class=\"wp-block-heading\">Kim jeste\u015bmy\u2026<\/h5>\n\n\n\n<p>Jeste\u015bmy m\u0142odymi lud\u017ami, pe\u0142nymi optymizmu, pasji i energii. Widzimy potrzeb\u0119 wyj\u015bcia do zglobalizowanego \u015bwiata poprzez aktywne uczestnictwo w integruj\u0105cej si\u0119 Europie. Jeste\u015bmy przecie\u017c jej cz\u0119\u015bci\u0105! Nie mamy kompleks\u00f3w, wiemy, \u017ce mo\u017cemy jej wiele zaoferowa\u0107.<br>Wraz z naszymi opiekunami chcemy propagowa\u0107 ide\u0119 Wsp\u00f3lnej Europy w naszej szkole i \u015brodowisku. Nasza m\u0142odo\u015b\u0107 i entuzjazm sprawia, \u017ce nie istotne s\u0105 dla nas granice, czy podzia\u0142y administracyjne. Dla nas istotny jest drugi cz\u0142owiek, z kt\u00f3rym mo\u017cna porozmawia\u0107, wsp\u00f3lnie sp\u0119dzi\u0107 czas i si\u0119 zaprzyja\u017ani\u0107. Do\u015bwiadczenie pokazuje, i\u017c warto \u0142\u0105czy\u0107 tych, kt\u00f3rych historia tak brutalnie rozdzieli\u0142a. W naszej aktywno\u015bci przy\u015bwieca nam motto, \u017ce wszelkie mury kiedy\u015b run\u0105\u2026<\/p>\n\n\n\n<p>Je\u015bli podzielasz nasze idee i pasje, je\u015bli jeste\u015b dynamiczny i ch\u0119tny do dzia\u0142ania nie wahaj si\u0119!<\/p>\n\n\n\n<h6 class=\"wp-block-heading\">Przy\u0142\u0105cz si\u0119 do nas!<\/h6>\n<\/div>\n\n\n\n<div class=\"wp-block-column is-layout-flow wp-block-column-is-layout-flow\" style=\"flex-basis:33.33%\">\n<h2 class=\"wp-block-heading\">Menu<\/h2>\n\n\n\n<ul class=\"wp-block-list\"><li><a href=\"http:\/\/www.zs-czudec.itl.pl\/index.php\/o-klubie\">O Klubie<\/a><\/li><li><a href=\"http:\/\/www.zs-czudec.itl.pl\/index.php\/wydarzenia\">Wydarzenia<\/a><\/li><li><a href=\"http:\/\/www.zs-czudec.itl.pl\/index.php\/europejskie-newsy\">Europejskie newsy<\/a><\/li><li><a href=\"http:\/\/www.zs-czudec.itl.pl\/index.php\/konkursy\">Konkursy<\/a><\/li><\/ul>\n<\/div>\n<\/div>\n","protected":false},"excerpt":{"rendered":"<p>Kim jeste\u015bmy\u2026 Jeste\u015bmy m\u0142odymi lud\u017ami, pe\u0142nymi optymizmu, pasji i energii. Widzimy potrzeb\u0119 wyj\u015bcia do zglobalizowanego \u015bwiata poprzez aktywne uczestnictwo w integruj\u0105cej si\u0119 [&hellip;]<\/p>\n","protected":false},"author":1,"featured_media":0,"parent":0,"menu_order":0,"comment_status":"closed","ping_status":"closed","template":"","meta":{"footnotes":""},"class_list":["post-259","page","type-page","status-publish","hentry"],"_links":{"self":[{"href":"https:\/\/www.zsczudec.pl\/index.php?rest_route=\/wp\/v2\/pages\/259","targetHints":{"allow":["GET"]}}],"collection":[{"href":"https:\/\/www.zsczudec.pl\/index.php?rest_route=\/wp\/v2\/pages"}],"about":[{"href":"https:\/\/www.zsczudec.pl\/index.php?rest_route=\/wp\/v2\/types\/page"}],"author":[{"embeddable":true,"href":"https:\/\/www.zsczudec.pl\/index.php?rest_route=\/wp\/v2\/users\/1"}],"replies":[{"embeddable":true,"href":"https:\/\/www.zsczudec.pl\/index.php?rest_route=%2Fwp%2Fv2%2Fcomments&post=259"}],"version-history":[{"count":1,"href":"https:\/\/www.zsczudec.pl\/index.php?rest_route=\/wp\/v2\/pages\/259\/revisions"}],"predecessor-version":[{"id":260,"href":"https:\/\/www.zsczudec.pl\/index.php?rest_route=\/wp\/v2\/pages\/259\/revisions\/260"}],"wp:attachment":[{"href":"https:\/\/www.zsczudec.pl\/index.php?rest_route=%2Fwp%2Fv2%2Fmedia&parent=259"}],"curies":[{"name":"wp","href":"https:\/\/api.w.org\/{rel}","templated":true}]}}

<div class="wp-block-columns is-layout-flex wp-container-core-columns-is-layout-28f84493 wp-block-columns-is-layout-flex">
<div class="wp-block-column is-layout-flow wp-block-column-is-layout-flow" style="flex-basis:66.66%">
<h5 class="wp-block-heading">Kim jesteśmy…</h5>



<p>Jesteśmy młodymi ludźmi, pełnymi optymizmu, pasji i energii. Widzimy potrzebę wyjścia do zglobalizowanego świata poprzez aktywne uczestnictwo w integrującej się Europie. Jesteśmy przecież jej częścią! Nie mamy kompleksów, wiemy, że możemy jej wiele zaoferować.<br>Wraz z naszymi opiekunami chcemy propagować ideę Wspólnej Europy w naszej szkole i środowisku. Nasza młodość i entuzjazm sprawia, że nie istotne są dla nas granice, czy podziały administracyjne. Dla nas istotny jest drugi człowiek, z którym można porozmawiać, wspólnie spędzić czas i się zaprzyjaźnić. Doświadczenie pokazuje, iż warto łączyć tych, których historia tak brutalnie rozdzieliła. W naszej aktywności przyświeca nam motto, że wszelkie mury kiedyś runą…</p>



<p>Jeśli podzielasz nasze idee i pasje, jeśli jesteś dynamiczny i chętny do działania nie wahaj się!</p>



<h6 class="wp-block-heading">Przyłącz się do nas!</h6>
</div>



<div class="wp-block-column is-layout-flow wp-block-column-is-layout-flow" style="flex-basis:33.33%">
<h2 class="wp-block-heading">Menu</h2>



<ul class="wp-block-list"><li><a href="http://www.zs-czudec.itl.pl/index.php/o-klubie">O Klubie</a></li><li><a href="http://www.zs-czudec.itl.pl/index.php/wydarzenia">Wydarzenia</a></li><li><a href="http://www.zs-czudec.itl.pl/index.php/europejskie-newsy">Europejskie newsy</a></li><li><a href="http://www.zs-czudec.itl.pl/index.php/konkursy">Konkursy</a></li></ul>
</div>
</div>

<p>Kim jesteśmy… Jesteśmy młodymi ludźmi, pełnymi optymizmu, pasji i energii. Widzimy potrzebę wyjścia do zglobalizowanego świata poprzez aktywne uczestnictwo w integrującej się [&hellip;]</p>
