{"id":257,"date":"2020-01-24T12:56:55","date_gmt":"2020-01-24T11:56:55","guid":{"rendered":"http:\/\/www.zsczudec.pl\/?page_id=257"},"modified":"2020-01-24T12:56:55","modified_gmt":"2020-01-24T11:56:55","slug":"szkolne-kolo-caritas","status":"publish","type":"page","link":"https:\/\/www.zsczudec.pl\/?page_id=257","title":{"rendered":"Szkolne Ko\u0142o Caritas"},"content":{"rendered":"\n<p><strong>Szkolne Ko\u0142o Caritas<\/strong><\/p>\n\n\n\n<div class=\"wp-block-image\"><figure class=\"alignleft size-large\"><img decoding=\"async\" width=\"120\" height=\"122\" src=\"http:\/\/www.zsczudec.pl\/wp-content\/uploads\/2020\/01\/kolo_caritas_logo.png\" alt=\"\" class=\"wp-image-256\"\/><\/figure><\/div>\n\n\n\n<p>Celem dzia\u0142alno\u015bci SKC jest propagowanie i rozwijanie w\u015br\u00f3d m\u0142odzie\u017cy wolontariatu chrze\u015bcija\u0144skiego. Wolontariusz chrze\u015bcija\u0144ski uto\u017csamia si\u0119 z&nbsp;Ko\u015bcio\u0142em, jego celami, formami dzia\u0142a\u0144 oraz \u015brodkami realizacji tych cel\u00f3w. Pog\u0142\u0119bia swoj\u0105 motywacj\u0119 duchowo \u2013 religijn\u0105, s\u0142u\u017cy ludziom, jest otwarty i&nbsp;wra\u017cliwy na potrzeby innych ludzi, odnosi si\u0119 z&nbsp;szacunkiem i mi\u0142o\u015bci\u0105 do ludzi, nie oczekuje za swoj\u0105 prac\u0119 zap\u0142aty.<\/p>\n\n\n\n<p>Ko\u0142o dzia\u0142a wed\u0142ug planu pracy opracowanego na podstawie zasad wolontariatu chrze\u015bcija\u0144skiego.<\/p>\n\n\n\n<p>Na spotkaniach cz\u0142onk\u00f3w SKC, m\u0142odzie\u017c naszej szko\u0142y rozwija \u017cycie duchowe, zaspokaja duchowe i&nbsp;spo\u0142eczne potrzeby, podejmuj\u0105c dzie\u0142a mi\u0142osierdzia \u2013 prowadz\u0105c kwesty i&nbsp;s\u0142u\u017c\u0105c pomoc\u0105 kolegom, prowadzi dzia\u0142alno\u015b\u0107 turystyczno &#8211; krajobrazow\u0105.<\/p>\n\n\n\n<p>Cz\u0142onkami SKC s\u0105 uczniowie Zespo\u0142u Szk\u00f3\u0142 w Czudcu.<\/p>\n\n\n\n<p><strong>Przy\u0142\u0105cz si\u0119 do nas!<\/strong><\/p>\n\n\n\n<p class=\"has-text-align-right\">Opiekunowie: mgr in\u017c. Agnieszka Dziadosz<\/p>\n","protected":false},"excerpt":{"rendered":"<p>Szkolne Ko\u0142o Caritas Celem dzia\u0142alno\u015bci SKC jest propagowanie i rozwijanie w\u015br\u00f3d m\u0142odzie\u017cy wolontariatu chrze\u015bcija\u0144skiego. Wolontariusz chrze\u015bcija\u0144ski uto\u017csamia si\u0119 z&nbsp;Ko\u015bcio\u0142em, jego celami, formami [&hellip;]<\/p>\n","protected":false},"author":1,"featured_media":0,"parent":0,"menu_order":0,"comment_status":"closed","ping_status":"closed","template":"","meta":{"footnotes":""},"class_list":["post-257","page","type-page","status-publish","hentry"],"_links":{"self":[{"href":"https:\/\/www.zsczudec.pl\/index.php?rest_route=\/wp\/v2\/pages\/257","targetHints":{"allow":["GET"]}}],"collection":[{"href":"https:\/\/www.zsczudec.pl\/index.php?rest_route=\/wp\/v2\/pages"}],"about":[{"href":"https:\/\/www.zsczudec.pl\/index.php?rest_route=\/wp\/v2\/types\/page"}],"author":[{"embeddable":true,"href":"https:\/\/www.zsczudec.pl\/index.php?rest_route=\/wp\/v2\/users\/1"}],"replies":[{"embeddable":true,"href":"https:\/\/www.zsczudec.pl\/index.php?rest_route=%2Fwp%2Fv2%2Fcomments&post=257"}],"version-history":[{"count":1,"href":"https:\/\/www.zsczudec.pl\/index.php?rest_route=\/wp\/v2\/pages\/257\/revisions"}],"predecessor-version":[{"id":258,"href":"https:\/\/www.zsczudec.pl\/index.php?rest_route=\/wp\/v2\/pages\/257\/revisions\/258"}],"wp:attachment":[{"href":"https:\/\/www.zsczudec.pl\/index.php?rest_route=%2Fwp%2Fv2%2Fmedia&parent=257"}],"curies":[{"name":"wp","href":"https:\/\/api.w.org\/{rel}","templated":true}]}}

Szkolne Koło Caritas

<p><strong>Szkolne Koło Caritas</strong></p>



<div class="wp-block-image"><figure class="alignleft size-large"><img decoding="async" width="120" height="122" src="http://www.zsczudec.pl/wp-content/uploads/2020/01/kolo_caritas_logo.png" alt="" class="wp-image-256"/></figure></div>



<p>Celem działalności SKC jest propagowanie i rozwijanie wśród młodzieży wolontariatu chrześcijańskiego. Wolontariusz chrześcijański utożsamia się z&nbsp;Kościołem, jego celami, formami działań oraz środkami realizacji tych celów. Pogłębia swoją motywację duchowo – religijną, służy ludziom, jest otwarty i&nbsp;wrażliwy na potrzeby innych ludzi, odnosi się z&nbsp;szacunkiem i miłością do ludzi, nie oczekuje za swoją pracę zapłaty.</p>



<p>Koło działa według planu pracy opracowanego na podstawie zasad wolontariatu chrześcijańskiego.</p>



<p>Na spotkaniach członków SKC, młodzież naszej szkoły rozwija życie duchowe, zaspokaja duchowe i&nbsp;społeczne potrzeby, podejmując dzieła miłosierdzia – prowadząc kwesty i&nbsp;służąc pomocą kolegom, prowadzi działalność turystyczno &#8211; krajobrazową.</p>



<p>Członkami SKC są uczniowie Zespołu Szkół w Czudcu.</p>



<p><strong>Przyłącz się do nas!</strong></p>



<p class="has-text-align-right">Opiekunowie: mgr inż. Agnieszka Dziadosz</p>

<p>Szkolne Koło Caritas Celem działalności SKC jest propagowanie i rozwijanie wśród młodzieży wolontariatu chrześcijańskiego. Wolontariusz chrześcijański utożsamia się z&nbsp;Kościołem, jego celami, formami [&hellip;]</p>
