{"id":253,"date":"2020-01-24T12:49:34","date_gmt":"2020-01-24T11:49:34","guid":{"rendered":"http:\/\/www.zsczudec.pl\/?page_id=253"},"modified":"2020-01-24T12:49:34","modified_gmt":"2020-01-24T11:49:34","slug":"o-bibliotece","status":"publish","type":"page","link":"https:\/\/www.zsczudec.pl\/?page_id=253","title":{"rendered":"O Bibliotece"},"content":{"rendered":"\n<h5 class=\"wp-block-heading\">Biblioteka Zespo\u0142u Szk\u00f3\u0142 w Czudcu sk\u0142ada si\u0119 z kilku pomieszcze\u0144:<br>wypo\u017cyczalni po\u0142\u0105czonej z&nbsp;czytelni\u0105 i magazynem oraz Internetowego Centrum Informacji Multimedialnej.<\/h5>\n\n\n\n<h6 class=\"wp-block-heading\">Od roku szkolnego 2007\/2008 na etacie nauczyciela bibliotekarza pracuje mgr Lidia Bytnar.<\/h6>\n\n\n\n<div class=\"wp-block-image is-style-circle-mask\"><figure class=\"aligncenter size-large\"><img fetchpriority=\"high\" decoding=\"async\" width=\"331\" height=\"413\" src=\"http:\/\/www.zsczudec.pl\/wp-content\/uploads\/2020\/01\/bibliotekarz.jpg\" alt=\"\" class=\"wp-image-251\" srcset=\"https:\/\/www.zsczudec.pl\/wp-content\/uploads\/2020\/01\/bibliotekarz.jpg 331w, https:\/\/www.zsczudec.pl\/wp-content\/uploads\/2020\/01\/bibliotekarz-240x300.jpg 240w, https:\/\/www.zsczudec.pl\/wp-content\/uploads\/2020\/01\/bibliotekarz-230x287.jpg 230w\" sizes=\"(max-width: 331px) 100vw, 331px\" \/><\/figure><\/div>\n\n\n\n<p><strong>W roku szkolnym 2012\/2013 biblioteka ma 275 czytelnik\u00f3w:<\/strong><br><strong>229 uczni\u00f3w oraz 37 nauczycieli i&nbsp; 9 pracownik\u00f3w administracji i obs\u0142ugi szko\u0142y.<\/strong><\/p>\n\n\n\n<p>W przeszklonej gablocie przed wej\u015bciem do biblioteki umieszczone s\u0105 regulaminy: korzystania z biblioteki, czytelni i&nbsp;Internetowego Centrum Informacji Multimedialnej, jak r\u00f3wnie\u017c aktualno\u015bci zwi\u0105zane z prac\u0105 nauczyciela bibliotekarza.<\/p>\n\n\n\n<p>Ksi\u0119gozbi\u00f3r biblioteki liczy&nbsp;<strong>13349<\/strong>&nbsp;wolumin\u00f3w oraz&nbsp;<strong>80<\/strong>7 podr\u0119cznik\u00f3w i broszur.<\/p>\n\n\n\n<p>W bibliotece gromadzone s\u0105 bie\u017c\u0105cei archiwalne czasopisma oraz dokumenty niepi\u015bmienne: DVD, CD.<\/p>\n\n\n\n<p>W czytelni stworzone s\u0105 odpowiednie warunki do samodzielnej pracy w godzinach pracy biblioteki.<\/p>\n\n\n\n<p>W czytelni zgromadzony zosta\u0142 ksi\u0119gozbi\u00f3r podr\u0119czny:<\/p>\n\n\n\n<ul class=\"wp-block-list\"><li>encyklopedie,<\/li><li>s\u0142owniki,<\/li><li>poradniki,<\/li><li>albumy,<\/li><li>atlasy,<\/li><li>ksi\u0105\u017cki naukowe.<\/li><\/ul>\n\n\n\n<p>Wszyscy zainteresowani mog\u0105 z niego korzysta\u0107 na miejscu.<\/p>\n","protected":false},"excerpt":{"rendered":"<p>Biblioteka Zespo\u0142u Szk\u00f3\u0142 w Czudcu sk\u0142ada si\u0119 z kilku pomieszcze\u0144:wypo\u017cyczalni po\u0142\u0105czonej z&nbsp;czytelni\u0105 i magazynem oraz Internetowego Centrum Informacji Multimedialnej. Od roku szkolnego [&hellip;]<\/p>\n","protected":false},"author":1,"featured_media":0,"parent":0,"menu_order":0,"comment_status":"closed","ping_status":"closed","template":"","meta":{"footnotes":""},"class_list":["post-253","page","type-page","status-publish","hentry"],"_links":{"self":[{"href":"https:\/\/www.zsczudec.pl\/index.php?rest_route=\/wp\/v2\/pages\/253","targetHints":{"allow":["GET"]}}],"collection":[{"href":"https:\/\/www.zsczudec.pl\/index.php?rest_route=\/wp\/v2\/pages"}],"about":[{"href":"https:\/\/www.zsczudec.pl\/index.php?rest_route=\/wp\/v2\/types\/page"}],"author":[{"embeddable":true,"href":"https:\/\/www.zsczudec.pl\/index.php?rest_route=\/wp\/v2\/users\/1"}],"replies":[{"embeddable":true,"href":"https:\/\/www.zsczudec.pl\/index.php?rest_route=%2Fwp%2Fv2%2Fcomments&post=253"}],"version-history":[{"count":1,"href":"https:\/\/www.zsczudec.pl\/index.php?rest_route=\/wp\/v2\/pages\/253\/revisions"}],"predecessor-version":[{"id":254,"href":"https:\/\/www.zsczudec.pl\/index.php?rest_route=\/wp\/v2\/pages\/253\/revisions\/254"}],"wp:attachment":[{"href":"https:\/\/www.zsczudec.pl\/index.php?rest_route=%2Fwp%2Fv2%2Fmedia&parent=253"}],"curies":[{"name":"wp","href":"https:\/\/api.w.org\/{rel}","templated":true}]}}