{"id":2463,"date":"2025-02-10T07:32:57","date_gmt":"2025-02-10T06:32:57","guid":{"rendered":"https:\/\/www.zsczudec.pl\/?page_id=2463"},"modified":"2025-02-11T23:15:13","modified_gmt":"2025-02-11T22:15:13","slug":"smaki-czudca","status":"publish","type":"page","link":"https:\/\/www.zsczudec.pl\/?page_id=2463","title":{"rendered":"Smaki Czudca"},"content":{"rendered":"\t\t<div data-elementor-type=\"wp-page\" data-elementor-id=\"2463\" class=\"elementor elementor-2463\">\n\t\t\t\t\t\t<section class=\"elementor-section elementor-top-section elementor-element elementor-element-6934c25c elementor-section-boxed elementor-section-height-default elementor-section-height-default\" data-id=\"6934c25c\" data-element_type=\"section\">\n\t\t\t\t\t\t<div class=\"elementor-container elementor-column-gap-default\">\n\t\t\t\t\t<div class=\"elementor-column elementor-col-100 elementor-top-column elementor-element elementor-element-1ea42ff5\" data-id=\"1ea42ff5\" data-element_type=\"column\">\n\t\t\t<div class=\"elementor-widget-wrap elementor-element-populated\">\n\t\t\t\t\t\t<div class=\"elementor-element elementor-element-daed214 elementor-widget elementor-widget-text-editor\" data-id=\"daed214\" data-element_type=\"widget\" data-widget_type=\"text-editor.default\">\n\t\t\t\t<div class=\"elementor-widget-container\">\n\t\t\t\t\t\t\t\t\t\n<p><strong><em>Zapraszamy na nasz\u0105 stron\u0119, na kt\u00f3rej prezentowa\u0107 b\u0119dziemy przepisy zar\u00f3wno z naszej ksi\u0105\u017cki &#8222;Smaki Czudca&#8221; jak i nowe ciekawe zwi\u0105zane z regionem lub nasz\u0105 dzia\u0142alno\u015bci\u0105. <\/em><\/strong><\/p>\n\n<p><strong>Ciasta<\/strong><img decoding=\"async\" class=\"alignright wp-image-2476 size-thumbnail\" src=\"http:\/\/www.zsczudec.pl\/wp-content\/uploads\/Babka-czterokolorowa-1-2-150x150.jpg\" alt=\"\" width=\"150\" height=\"150\" \/><\/p>\n<figure class=\"wp-block-gallery alignright has-nested-images columns-default is-cropped\"><\/figure>\n<!-- \/wp:gallery --><!-- wp:list {\"ordered\":true} -->\n<ol><!-- wp:list-item -->\n<li><strong>Babka\u00a0<\/strong><strong>czterokolorowa<\/strong> <a href=\"http:\/\/www.zsczudec.pl\/wp-content\/uploads\/Babka-czterokolorowa1.jpg\">http:\/\/www.zsczudec.pl\/wp-content\/uploads\/Babka-czterokolorowa1.jpg<\/a><\/li>\n<!-- \/wp:list-item --><\/ol>\n<!-- \/wp:list --><!-- wp:paragraph --><!-- \/wp:paragraph --><!-- wp:paragraph --><!-- \/wp:paragraph --><!-- wp:paragraph --><!-- \/wp:paragraph --><!-- wp:paragraph --><!-- \/wp:paragraph --><!-- wp:paragraph --><!-- \/wp:paragraph --><!-- wp:paragraph -->\n<p>\u00a0<\/p>\n<!-- \/wp:paragraph --><!-- wp:list {\"ordered\":true} -->\n<ol><!-- wp:list-item -->\n<li><strong>Torcik Bananowy<\/strong> <a href=\"http:\/\/www.zsczudec.pl\/wp-content\/uploads\/Torcik-bananowy1.jpg\">http:\/\/www.zsczudec.pl\/wp-content\/uploads\/Torcik-bananowy1.jpg<\/a><\/li>\n<!-- \/wp:list-item --><\/ol>\n<!-- \/wp:list --><!-- wp:gallery {\"linkTo\":\"none\",\"align\":\"right\"} -->\n<figure class=\"wp-block-gallery alignright has-nested-images columns-default is-cropped\"><br \/>\n<figure class=\"wp-block-image size-large\"><img decoding=\"async\" class=\"alignright wp-image-2477\" title=\"Torcik bananowy\" src=\"http:\/\/www.zsczudec.pl\/wp-content\/uploads\/Torcik-bananowy-300x250.jpg\" alt=\"\" width=\"98\" height=\"82\" srcset=\"https:\/\/www.zsczudec.pl\/wp-content\/uploads\/Torcik-bananowy-300x250.jpg 300w, https:\/\/www.zsczudec.pl\/wp-content\/uploads\/Torcik-bananowy-1024x852.jpg 1024w, https:\/\/www.zsczudec.pl\/wp-content\/uploads\/Torcik-bananowy-768x639.jpg 768w, https:\/\/www.zsczudec.pl\/wp-content\/uploads\/Torcik-bananowy-1536x1278.jpg 1536w, https:\/\/www.zsczudec.pl\/wp-content\/uploads\/Torcik-bananowy-2048x1704.jpg 2048w, https:\/\/www.zsczudec.pl\/wp-content\/uploads\/Torcik-bananowy-1000x832.jpg 1000w, https:\/\/www.zsczudec.pl\/wp-content\/uploads\/Torcik-bananowy-230x191.jpg 230w, https:\/\/www.zsczudec.pl\/wp-content\/uploads\/Torcik-bananowy-350x291.jpg 350w, https:\/\/www.zsczudec.pl\/wp-content\/uploads\/Torcik-bananowy-480x399.jpg 480w\" sizes=\"(max-width: 98px) 100vw, 98px\" \/><\/figure>\n<!-- \/wp:image --><\/figure>\n<!-- \/wp:gallery -->\t\t\t\t\t\t\t\t<\/div>\n\t\t\t\t<\/div>\n\t\t\t\t<div class=\"elementor-element elementor-element-7c2d617 elementor-widget elementor-widget-image\" data-id=\"7c2d617\" data-element_type=\"widget\" data-widget_type=\"image.default\">\n\t\t\t\t<div class=\"elementor-widget-container\">\n\t\t\t\t\t\t\t\t\t\t\t\t\t\t\t<img fetchpriority=\"high\" decoding=\"async\" width=\"1024\" height=\"708\" src=\"https:\/\/www.zsczudec.pl\/wp-content\/uploads\/okladka1-1024x708.jpg\" class=\"attachment-large size-large wp-image-2490\" alt=\"\" srcset=\"https:\/\/www.zsczudec.pl\/wp-content\/uploads\/okladka1-1024x708.jpg 1024w, https:\/\/www.zsczudec.pl\/wp-content\/uploads\/okladka1-300x207.jpg 300w, https:\/\/www.zsczudec.pl\/wp-content\/uploads\/okladka1-768x531.jpg 768w, https:\/\/www.zsczudec.pl\/wp-content\/uploads\/okladka1-1000x692.jpg 1000w, https:\/\/www.zsczudec.pl\/wp-content\/uploads\/okladka1-230x159.jpg 230w, https:\/\/www.zsczudec.pl\/wp-content\/uploads\/okladka1-350x242.jpg 350w, https:\/\/www.zsczudec.pl\/wp-content\/uploads\/okladka1-480x332.jpg 480w, https:\/\/www.zsczudec.pl\/wp-content\/uploads\/okladka1.jpg 1203w\" sizes=\"(max-width: 1024px) 100vw, 1024px\" \/>\t\t\t\t\t\t\t\t\t\t\t\t\t\t\t<\/div>\n\t\t\t\t<\/div>\n\t\t\t\t\t<\/div>\n\t\t<\/div>\n\t\t\t\t\t<\/div>\n\t\t<\/section>\n\t\t\t\t<\/div>\n\t\t","protected":false},"excerpt":{"rendered":"<p>Zapraszamy na nasz\u0105 stron\u0119, na kt\u00f3rej prezentowa\u0107 b\u0119dziemy przepisy zar\u00f3wno z naszej ksi\u0105\u017cki &#8222;Smaki Czudca&#8221; jak i nowe ciekawe zwi\u0105zane z regionem [&hellip;]<\/p>\n","protected":false},"author":1,"featured_media":0,"parent":0,"menu_order":0,"comment_status":"closed","ping_status":"closed","template":"","meta":{"footnotes":""},"class_list":["post-2463","page","type-page","status-publish","hentry"],"_links":{"self":[{"href":"https:\/\/www.zsczudec.pl\/index.php?rest_route=\/wp\/v2\/pages\/2463","targetHints":{"allow":["GET"]}}],"collection":[{"href":"https:\/\/www.zsczudec.pl\/index.php?rest_route=\/wp\/v2\/pages"}],"about":[{"href":"https:\/\/www.zsczudec.pl\/index.php?rest_route=\/wp\/v2\/types\/page"}],"author":[{"embeddable":true,"href":"https:\/\/www.zsczudec.pl\/index.php?rest_route=\/wp\/v2\/users\/1"}],"replies":[{"embeddable":true,"href":"https:\/\/www.zsczudec.pl\/index.php?rest_route=%2Fwp%2Fv2%2Fcomments&post=2463"}],"version-history":[{"count":20,"href":"https:\/\/www.zsczudec.pl\/index.php?rest_route=\/wp\/v2\/pages\/2463\/revisions"}],"predecessor-version":[{"id":2496,"href":"https:\/\/www.zsczudec.pl\/index.php?rest_route=\/wp\/v2\/pages\/2463\/revisions\/2496"}],"wp:attachment":[{"href":"https:\/\/www.zsczudec.pl\/index.php?rest_route=%2Fwp%2Fv2%2Fmedia&parent=2463"}],"curies":[{"name":"wp","href":"https:\/\/api.w.org\/{rel}","templated":true}]}}