{"id":226,"date":"2020-01-20T07:38:45","date_gmt":"2020-01-20T06:38:45","guid":{"rendered":"http:\/\/www.zsczudec.pl\/?page_id=226"},"modified":"2022-11-15T20:44:19","modified_gmt":"2022-11-15T19:44:19","slug":"wykaz-zespolow-zadaniowo-problemowych","status":"publish","type":"page","link":"https:\/\/www.zsczudec.pl\/?page_id=226","title":{"rendered":"Wykaz zespo\u0142\u00f3w zadaniowo &#8211; problemowych"},"content":{"rendered":"\n<p>ORGANIZACJA PRACY ZESPO\u0141\u00d3W \u2013 wykaz zespo\u0142\u00f3w i sk\u0142ad osobowy&nbsp;w roku szkolnym 2018\/2019<\/p>\n\n\n\n<p><strong>ZESPO\u0141Y PRZEDMIOTOWE:<\/strong><\/p>\n\n\n\n<ol class=\"wp-block-list\"><li>Zesp\u00f3\u0142 Przedmiot\u00f3w Humanistycznych \u2013 przewodnicz\u0105ca- El\u017cbieta Pietrucha<\/li><li>Zesp\u00f3\u0142 Przedmiot\u00f3w Przyrodniczych &#8211; przewodnicz\u0105ca Marta Pytko<\/li><li>Zesp\u00f3\u0142 Przedmiot\u00f3w Zawodowych &#8211; \u00a0Joanna Moskwa -przewodnicz\u0105ca i \u2013 A.Dziadosz wiceprzewodnicz\u0105ca<\/li><\/ol>\n\n\n\n<p><strong>ZESP\u00d3\u0141 DO SPRAW WYCHOWANIA I WSP\u00d3\u0141PRACY Z RODZICAMI UCZNI\u00d3W<\/strong><\/p>\n\n\n\n<ol class=\"wp-block-list\"><li>Urszula Gurbisz \u2013 przewodnicz\u0105ca<\/li><li>wszyscy wychowawcy klas<\/li><\/ol>\n\n\n\n<p><strong>ZESP\u00d3\u0141 DO SPRAW &nbsp;ZAPEWNIENIA JAKO\u015aCI KSZTA\u0141CENIA&nbsp;&nbsp;<\/strong><\/p>\n\n\n\n<ol class=\"wp-block-list\"><li>wicedyrektor: ds.kszta\u0142cenia praktycznego<\/li><li>przewodnicz\u0105cy&nbsp; zespo\u0142\u00f3w przedmiotowych<\/li><li>informatyk<\/li><\/ol>\n\n\n\n<p><strong>ZESP\u00d3\u0141 DO SPRAW POMOCY PSYCHOLOGICZNO &#8211;&nbsp; PEDAGOGICZNE<\/strong><\/p>\n\n\n\n<p>Tomasz Domino, wychowawcy wszystkich klas Zespo\u0142u Szk\u00f3\u0142 w Czudcu<\/p>\n\n\n\n<p><strong>ZESP\u00d3\u0141 DO SPRAW EWALUACJI WEWN\u0104TRZSZKOLNEJ<\/strong><\/p>\n\n\n\n<ol class=\"wp-block-list\"><li>Pi\u0119ko\u015b Ma\u0142gorzata \u2013 doradca zawodowy<\/li><li> &#8211; informatyk<\/li><\/ol>\n\n\n\n<p><strong>ZESP\u00d3\u0141 DO SPRAW POZYSKIWANIA \u015aRODK\u00d3W POMOCOWYCH<\/strong><\/p>\n\n\n\n<ol class=\"wp-block-list\"><li>Ma\u0142gorzata Pi\u0119ko\u015b<\/li><li>Joanna Moskwa<\/li><li>Ryka\u0142a Agnieszka<\/li><\/ol>\n\n\n\n<p><strong>ZESP\u00d3\u0141 DO SPRAW PROMOCJI SZKO\u0141Y:<\/strong><\/p>\n\n\n\n<ol class=\"wp-block-list\"><li>wicedyrektor:ds.kszta\u0142cenia praktycznego<\/li><li>Bytnar Lidia<\/li><li>Renata \u017bo\u0142\u0105dek<\/li><li>+ nauczyciel przedstawiciel ka\u017cdego zawodu<\/li><\/ol>\n\n\n\n<p><strong>KOMISJA REKRUTACYJNO-KWALIFIKACYJNA<\/strong><\/p>\n\n\n\n<p>1.Pytko Marta &#8211; przewodnicz\u0105cy<\/p>\n\n\n\n<p>2.Agnieszka Dziadosz<\/p>\n\n\n\n<p>3.Ryka\u0142a Agnieszka<\/p>\n\n\n\n<p><strong>KOMISJA PRAWNO- STATUTOWA:<\/strong><\/p>\n\n\n\n<p>1.\u017bo\u0142\u0105dek Renata<\/p>\n\n\n\n<p>2.Pietrucha El\u017cbieta<\/p>\n\n\n\n<p>3. Pi\u0119ko\u015b Ma\u0142gorzata<\/p>\n\n\n\n<p><strong>KSI\u0118GA &nbsp;LOS\u00d3W ABSOLWENT\u00d3W<\/strong><\/p>\n\n\n\n<p>Wychowawcy &nbsp;absolwent\u00f3w danego rocznika<\/p>\n\n\n\n<p><strong>OPIEKUNOWIE ORGANIZACJI:<\/strong><\/p>\n\n\n\n<p>Renata \u017bo\u0142\u0105dek- opiekun Samorz\u0105du Uczniowskiego<\/p>\n\n\n\n<p>Marta Pytko- opiekun LOP\u00a0<\/p>\n\n\n\n<p>Agnieszka Ryka\u0142a &#8212; opiekun PCK<\/p>\n\n\n\n<p>Agnieszka Dziadosz, &#8212; opiekun Caritas<\/p>\n\n\n\n<p>Bartosz Ha\u0142as,  Wojciech Szela, &#8211; opiekun SKS<\/p>\n\n\n\n<p><strong>KOMISJA WNIOSKOWA:<\/strong><\/p>\n\n\n\n<p>El\u017cbieta Pietrucha<\/p>\n\n\n\n<p>\u017bo\u0142\u0105dek Renata<\/p>\n\n\n\n<p>Pi\u0119ko\u015b Ma\u0142gorzata<\/p>\n\n\n\n<p><strong>WYSTR\u00d3J SZKO\u0141Y<\/strong><\/p>\n\n\n\n<p>Anna Cygan + zesp\u00f3\u0142 wskazany przez nauczyciela<\/p>\n\n\n\n<p><strong>STRONA INTERNETOWA:<\/strong><\/p>\n\n\n\n<ol class=\"wp-block-list\"><li>Lidia Bytnar<\/li><li>Wacko Ryszard<\/li><\/ol>\n\n\n\n<p><strong>FACEBOOK:<\/strong><\/p>\n\n\n\n<ol class=\"wp-block-list\"><li>Lidia Bytnar<\/li><li>Samorz\u0105d Uczniowski wraz z opiekunem Renat\u0105 \u017bo\u0142\u0105dek \u00a0<\/li><li>Wacko Ryszard<\/li><\/ol>\n\n\n\n<p><strong>ADMINISTRATORZY E-DZIENNIKA<\/strong><\/p>\n\n\n\n<ol class=\"wp-block-list\"><li>Pi\u0119ko\u015b Ma\u0142gorzata \u2013g\u0142\u00f3wny administrator<\/li><li>Ryszard Wacko<\/li><\/ol>\n\n\n\n<p><strong>OPRAWA ARTYSTYCZNA&nbsp; IMPREZ SZKOLNYCH I POZASZKOLNYCH<\/strong><\/p>\n\n\n\n<p>Lidia Bytnar + zesp\u00f3\u0142&nbsp; nauczycieli odpowiedzialnych wg harmonogramu kalendarza imprez<\/p>\n\n\n\n<p><strong>ORGANIZACJA IMPREZ SZKOLNYCH I POZASZKOLNYCH :<\/strong><\/p>\n\n\n\n<p><a href=\"http:\/\/www.zsczudec.pl\/wp-content\/uploads\/2020\/01\/PLAN_PRACY_SZKO\u0141Y_2017-2018_21.docx\">odpowiedzialni poszczeg\u00f3lni nauczycielewg harmonogramu kalendarza imprez<\/a><\/p>\n\n\n\n<p><strong>ODPOWIEDZIALNY ZA FOTODOKUMENTACJ\u0118 Z \u017bYCIA SZKO\u0141Y<\/strong><\/p>\n\n\n\n<p><\/p>\n\n\n\n<p><strong>ODPOWIEDZIALNI ZA POZOSTA\u0141E OBSZARY PODEJMOWANYCH DZIA\u0141A\u0143 :<\/strong><\/p>\n\n\n\n<p>El\u017cbieta Pietrucha \u2013 lider Wewn\u0105trzszkolnego Doskonalenia Zawodowego Nauczycieli<\/p>\n\n\n\n<p>Lidia Bytnar- protokolant<\/p>\n\n\n\n<p>Szela Wojciech &#8211; opiekun pocztu sztandarowego<\/p>\n\n\n\n<p>Anna Cygan &#8211; opiekun KRONIKI SZKOLNEJ<\/p>\n\n\n\n<p>Ha\u0142as Bartosz &#8211; koordynator do spraw bezpiecze\u0144stwa<\/p>\n\n\n\n<p>Dyrektor \u00a0\/wicedyrektor <\/p>\n\n\n\n<p><strong>NADZ\u00d3R PEDAGOGICZNY \u2013 Kadra Kierownicza<\/strong><\/p>\n\n\n\n<p>Wacko Ryszard \u2013 dyrektor szko\u0142y<\/p>\n\n\n\n<p>Tarczy\u0144ska-Obrocka Monika \u2013 wicedyrektor ds.kszta\u0142cenia zawodowego i praktycznego<\/p>\n","protected":false},"excerpt":{"rendered":"<p>ORGANIZACJA PRACY ZESPO\u0141\u00d3W \u2013 wykaz zespo\u0142\u00f3w i sk\u0142ad osobowy&nbsp;w roku szkolnym 2018\/2019 ZESPO\u0141Y PRZEDMIOTOWE: Zesp\u00f3\u0142 Przedmiot\u00f3w Humanistycznych \u2013 przewodnicz\u0105ca- El\u017cbieta Pietrucha Zesp\u00f3\u0142 [&hellip;]<\/p>\n","protected":false},"author":1,"featured_media":0,"parent":0,"menu_order":0,"comment_status":"closed","ping_status":"closed","template":"","meta":{"footnotes":""},"class_list":["post-226","page","type-page","status-publish","hentry"],"_links":{"self":[{"href":"https:\/\/www.zsczudec.pl\/index.php?rest_route=\/wp\/v2\/pages\/226","targetHints":{"allow":["GET"]}}],"collection":[{"href":"https:\/\/www.zsczudec.pl\/index.php?rest_route=\/wp\/v2\/pages"}],"about":[{"href":"https:\/\/www.zsczudec.pl\/index.php?rest_route=\/wp\/v2\/types\/page"}],"author":[{"embeddable":true,"href":"https:\/\/www.zsczudec.pl\/index.php?rest_route=\/wp\/v2\/users\/1"}],"replies":[{"embeddable":true,"href":"https:\/\/www.zsczudec.pl\/index.php?rest_route=%2Fwp%2Fv2%2Fcomments&post=226"}],"version-history":[{"count":2,"href":"https:\/\/www.zsczudec.pl\/index.php?rest_route=\/wp\/v2\/pages\/226\/revisions"}],"predecessor-version":[{"id":1750,"href":"https:\/\/www.zsczudec.pl\/index.php?rest_route=\/wp\/v2\/pages\/226\/revisions\/1750"}],"wp:attachment":[{"href":"https:\/\/www.zsczudec.pl\/index.php?rest_route=%2Fwp%2Fv2%2Fmedia&parent=226"}],"curies":[{"name":"wp","href":"https:\/\/api.w.org\/{rel}","templated":true}]}}

Wykaz zespołów zadaniowo &#8211; problemowych

<p>ORGANIZACJA PRACY ZESPOŁÓW – wykaz zespołów i skład osobowy&nbsp;w roku szkolnym 2018/2019</p>



<p><strong>ZESPOŁY PRZEDMIOTOWE:</strong></p>



<ol class="wp-block-list"><li>Zespół Przedmiotów Humanistycznych – przewodnicząca- Elżbieta Pietrucha</li><li>Zespół Przedmiotów Przyrodniczych &#8211; przewodnicząca Marta Pytko</li><li>Zespół Przedmiotów Zawodowych &#8211;  Joanna Moskwa -przewodnicząca i – A.Dziadosz wiceprzewodnicząca</li></ol>



<p><strong>ZESPÓŁ DO SPRAW WYCHOWANIA I WSPÓŁPRACY Z RODZICAMI UCZNIÓW</strong></p>



<ol class="wp-block-list"><li>Urszula Gurbisz – przewodnicząca</li><li>wszyscy wychowawcy klas</li></ol>



<p><strong>ZESPÓŁ DO SPRAW &nbsp;ZAPEWNIENIA JAKOŚCI KSZTAŁCENIA&nbsp;&nbsp;</strong></p>



<ol class="wp-block-list"><li>wicedyrektor: ds.kształcenia praktycznego</li><li>przewodniczący&nbsp; zespołów przedmiotowych</li><li>informatyk</li></ol>



<p><strong>ZESPÓŁ DO SPRAW POMOCY PSYCHOLOGICZNO &#8211;&nbsp; PEDAGOGICZNE</strong></p>



<p>Tomasz Domino, wychowawcy wszystkich klas Zespołu Szkół w Czudcu</p>



<p><strong>ZESPÓŁ DO SPRAW EWALUACJI WEWNĄTRZSZKOLNEJ</strong></p>



<ol class="wp-block-list"><li>Piękoś Małgorzata – doradca zawodowy</li><li> &#8211; informatyk</li></ol>



<p><strong>ZESPÓŁ DO SPRAW POZYSKIWANIA ŚRODKÓW POMOCOWYCH</strong></p>



<ol class="wp-block-list"><li>Małgorzata Piękoś</li><li>Joanna Moskwa</li><li>Rykała Agnieszka</li></ol>



<p><strong>ZESPÓŁ DO SPRAW PROMOCJI SZKOŁY:</strong></p>



<ol class="wp-block-list"><li>wicedyrektor:ds.kształcenia praktycznego</li><li>Bytnar Lidia</li><li>Renata Żołądek</li><li>+ nauczyciel przedstawiciel każdego zawodu</li></ol>



<p><strong>KOMISJA REKRUTACYJNO-KWALIFIKACYJNA</strong></p>



<p>1.Pytko Marta &#8211; przewodniczący</p>



<p>2.Agnieszka Dziadosz</p>



<p>3.Rykała Agnieszka</p>



<p><strong>KOMISJA PRAWNO- STATUTOWA:</strong></p>



<p>1.Żołądek Renata</p>



<p>2.Pietrucha Elżbieta</p>



<p>3. Piękoś Małgorzata</p>



<p><strong>KSIĘGA &nbsp;LOSÓW ABSOLWENTÓW</strong></p>



<p>Wychowawcy &nbsp;absolwentów danego rocznika</p>



<p><strong>OPIEKUNOWIE ORGANIZACJI:</strong></p>



<p>Renata Żołądek- opiekun Samorządu Uczniowskiego</p>



<p>Marta Pytko- opiekun LOP </p>



<p>Agnieszka Rykała &#8212; opiekun PCK</p>



<p>Agnieszka Dziadosz, &#8212; opiekun Caritas</p>



<p>Bartosz Hałas,  Wojciech Szela, &#8211; opiekun SKS</p>



<p><strong>KOMISJA WNIOSKOWA:</strong></p>



<p>Elżbieta Pietrucha</p>



<p>Żołądek Renata</p>



<p>Piękoś Małgorzata</p>



<p><strong>WYSTRÓJ SZKOŁY</strong></p>



<p>Anna Cygan + zespół wskazany przez nauczyciela</p>



<p><strong>STRONA INTERNETOWA:</strong></p>



<ol class="wp-block-list"><li>Lidia Bytnar</li><li>Wacko Ryszard</li></ol>



<p><strong>FACEBOOK:</strong></p>



<ol class="wp-block-list"><li>Lidia Bytnar</li><li>Samorząd Uczniowski wraz z opiekunem Renatą Żołądek  </li><li>Wacko Ryszard</li></ol>



<p><strong>ADMINISTRATORZY E-DZIENNIKA</strong></p>



<ol class="wp-block-list"><li>Piękoś Małgorzata –główny administrator</li><li>Ryszard Wacko</li></ol>



<p><strong>OPRAWA ARTYSTYCZNA&nbsp; IMPREZ SZKOLNYCH I POZASZKOLNYCH</strong></p>



<p>Lidia Bytnar + zespół&nbsp; nauczycieli odpowiedzialnych wg harmonogramu kalendarza imprez</p>



<p><strong>ORGANIZACJA IMPREZ SZKOLNYCH I POZASZKOLNYCH :</strong></p>



<p><a href="http://www.zsczudec.pl/wp-content/uploads/2020/01/PLAN_PRACY_SZKOŁY_2017-2018_21.docx">odpowiedzialni poszczególni nauczycielewg harmonogramu kalendarza imprez</a></p>



<p><strong>ODPOWIEDZIALNY ZA FOTODOKUMENTACJĘ Z ŻYCIA SZKOŁY</strong></p>



<p></p>



<p><strong>ODPOWIEDZIALNI ZA POZOSTAŁE OBSZARY PODEJMOWANYCH DZIAŁAŃ :</strong></p>



<p>Elżbieta Pietrucha – lider Wewnątrzszkolnego Doskonalenia Zawodowego Nauczycieli</p>



<p>Lidia Bytnar- protokolant</p>



<p>Szela Wojciech &#8211; opiekun pocztu sztandarowego</p>



<p>Anna Cygan &#8211; opiekun KRONIKI SZKOLNEJ</p>



<p>Hałas Bartosz &#8211; koordynator do spraw bezpieczeństwa</p>



<p>Dyrektor  /wicedyrektor </p>



<p><strong>NADZÓR PEDAGOGICZNY – Kadra Kierownicza</strong></p>



<p>Wacko Ryszard – dyrektor szkoły</p>



<p>Tarczyńska-Obrocka Monika – wicedyrektor ds.kształcenia zawodowego i praktycznego</p>

<p>ORGANIZACJA PRACY ZESPOŁÓW – wykaz zespołów i skład osobowy&nbsp;w roku szkolnym 2018/2019 ZESPOŁY PRZEDMIOTOWE: Zespół Przedmiotów Humanistycznych – przewodnicząca- Elżbieta Pietrucha Zespół [&hellip;]</p>
