{"id":1275,"date":"2020-05-20T11:09:42","date_gmt":"2020-05-20T09:09:42","guid":{"rendered":"http:\/\/www.zsczudec.pl\/?page_id=1275"},"modified":"2020-05-20T11:51:12","modified_gmt":"2020-05-20T09:51:12","slug":"szkola-promujaca-zdrowie","status":"publish","type":"page","link":"https:\/\/www.zsczudec.pl\/?page_id=1275","title":{"rendered":"Szko\u0142a Promuj\u0105ca Zdrowie"},"content":{"rendered":"\n<p><em>27-05-2012<br><\/em><strong>Nasz udzia\u0142 w Ekogali 2012.<\/strong><br>W dniach 25-27 maja br. uczniowie klasy II Technikum Hotelarstwa w Zespole Szk\u00f3\u0142 w Czudcu: Agnieszka Czaja, Patrycja F\u0105fara, \u0141ukasz Golesz, Arkadiusz Marciniec, Patryk Oliwa, Kinga Pi\u0119ko\u015b i\u00a0Szymon Salamon uczestniczyli w\u00a0VI Mi\u0119dzynarodowych Targach \u017bywno\u015bci Ekologicznej Ekogala w\u00a0Rzeszowie.<\/p>\n\n\n\n&#8212;&#8211; CZYTAJ DALEJ &#8212;&#8211;\n\n\n\n<p><\/p>\n\n\n\n<p><em>21-05-2012<br><\/em><strong>Pozytywny czy negatywny wp\u0142yw grillowania na organizm cz\u0142owieka? Lekcja w ramach Programu Szko\u0142a Promuj\u0105ca Zdrowie.<\/strong><br>W dniu 21 maja 2012 roku, w Zespole Szk\u00f3\u0142 w Czudcu odby\u0142a si\u0119 lekcja na temat\u00a0<strong>,&#8221;Wp\u0142yw grillowania na organizm cz\u0142owieka&#8221;<\/strong>.<\/p>\n\n\n\n<div class=\"wp-block-group\"><div class=\"wp-block-group__inner-container is-layout-flow wp-block-group-is-layout-flow\">\n<a href=\"http:\/\/www.zsczudec.pl\/pozytywny-czy-negatywny-wplyw-grillowania-na-organizm-czlowieka-lekcja-w-ramach-programu-szkola-promujaca-zdrowie\/\">&#8212;&#8211; CZYTAJ DALEJ &#8212;&#8211;<\/a>\n<\/div><\/div>\n\n\n\n<p><\/p>\n\n\n\n<div class=\"wp-block-group\"><div class=\"wp-block-group__inner-container is-layout-flow wp-block-group-is-layout-flow\">\n<p><em>09-12-2011<br><\/em><strong>\u201e16 Dni Akcji Przeciwko Przemocy ze Wzgl\u0119du na P\u0142e\u0107&#8221;.<\/strong><br>W czasie\u00a0<strong>&#8222;16 Dni Akcji Przeciwko Przemocy ze Wzgl\u0119du na P\u0142e\u0107&#8221;<\/strong>\u00a0oraz<strong>\u00a0\u201eKampanii Bia\u0142ej Wst\u0105\u017cki\u201d\u00a0<\/strong>&#8211; akcji, obchodzonej na ca\u0142ym \u015bwiecie w dniu 09.12.2011 r., przedstawicielka Fundacji Autonomia z Krakowa, pani Maria Zimny zrealizowa\u0142a trzygodzinne warsztaty dla przedstawicieli samorz\u0105d\u00f3w klasowych i samorz\u0105du szkolnego.<\/p>\n<\/div><\/div>\n\n\n\n<a href=\"http:\/\/www.zsczudec.pl\/16-dni-akcji-przeciwko-przemocy-ze-wzgledu-na-plec\/\">&#8212;&#8211; CZYTAJ DALEJ &#8212;&#8211;<\/a>\n\n\n\n<p> <\/p>\n\n\n\n<p><em>01-12-2011<br><\/em><strong>I grudnia &#8211; Dzie\u0144 Walki z HIV i AIDS.<\/strong><br>Z okazji \u015awiatowego Dnia Walki z AIDS w naszej szkole odby\u0142 si\u0119 konkurs, kt\u00f3rego celem by\u0142o sprawdzenie wiedzy uczni\u00f3w na temat historii tej choroby, jej skutk\u00f3w oraz sposob\u00f3w unikni\u0119cia zara\u017cenia.<\/p>\n\n\n\n<a href=\"http:\/\/www.zsczudec.pl\/i-grudnia-dzien-walki-z-hiv-i-aids\/\">&#8212;&#8211; CZYTAJ DALEJ &#8212;&#8211;<\/a>\n\n\n\n<p> <\/p>\n\n\n\n<p><\/p>\n\n\n\n<p><em>30-11-2011<\/em><br><strong>Spotkanie rodzic\u00f3w z asp. szt. Panem Romualdem Janusz, specjalist\u0105 ds. prasowo &#8211; informacyjnych w\u00a0Komendzie Powiatowej Policji w\u00a0Strzy\u017cowie.<\/strong><br>Dnia 30 listopada 2011 r. podczas szkolnej wywiad\u00f3wki w Zespole Szk\u00f3\u0142 w Czudcu policjant Komendy Powiatowej Policji w Strzy\u017cowie asp. szt. Romuald Janusz, przeprowadzi\u0142 ciekawy wyk\u0142ad profilaktyczno &#8211; informacyjny dla wszystkich rodzic\u00f3w, podczas kt\u00f3rego poruszy\u0142 wiele zagadnie\u0144.<\/p>\n\n\n\n<a href=\"http:\/\/www.zsczudec.pl\/spotkanie-rodzicow-z-asp-szt-panem-romualdem-janusz-specjalista-ds-prasowo-informacyjnych-w-komendzie-powiatowej-policji-w-strzyzowie\/\">&#8212;&#8211; CZYTAJ DALEJ &#8212;&#8211;<\/a>\n\n\n\n<p><\/p>\n\n\n\n<p><em>17-11-2011<br><\/em><strong>Spektakl &#8222;Fotka&#8221;<\/strong><br>Dzi\u0119ki wsp\u00f3\u0142pracy z Gminn\u0105 Komisj\u0105 ds. Rozwi\u0105zywania Problem\u00f3w Alkoholowych przy Gminie Czudec oraz z pani\u0105 dyrektor Gminnego O\u015brodka Pomocy Spo\u0142ecznej Mari\u0105 Jamrozik &#8211; Skalsk\u0105 w dniu 17\u00a0listopada 2011 r. w Zespole Szk\u00f3\u0142 w Czudcu odby\u0142 si\u0119 spektakl teatralno &#8211; profilaktyczny\u00a0<strong>&#8222;Fotka&#8221;<\/strong>.<\/p>\n\n\n\n<a href=\"http:\/\/www.zsczudec.pl\/spektakl-fotka\/\">&#8212;&#8211; CZYTAJ DALEJ &#8212;&#8211;<\/a>\n\n\n\n<p><\/p>\n\n\n\n<p><em>27-10-2011<br><\/em><strong>Spotkanie grona pedagogicznego z policjantem.<\/strong><br>W dniu 27 pa\u017adziernika 2011 r. w Zespole Szk\u00f3\u0142 w Czudcu, policjant Komendy Powiatowej Policji w\u00a0Strzy\u017cowie st.\u00a0asp. Romuald Janusz, przeprowadzi\u0142 ciekaw\u0105 pogadank\u0119 dla nauczycieli.<\/p>\n\n\n\n<a href=\"http:\/\/www.zsczudec.pl\/spotkanie-grona-pedagogicznego-z-policjantem\/\">&#8212;&#8211; CZYTAJ DALEJ &#8212;&#8211;<\/a>\n\n\n\n<p><\/p>\n\n\n\n<p><em>22-09-2011<br><\/em><strong>Spotkanie z policjantem.<\/strong><br>W dniu 29-09-2011 r. w Zespole Szk\u00f3\u0142 w Czudcu przeprowadzone zosta\u0142y zaj\u0119cia dla m\u0142odzie\u017cy z\u00a0policjantem Komendy Powiatowej Policji w Strzy\u017cowie st. asp. Romualdem Januszem.<\/p>\n\n\n\n<a href=\"http:\/\/www.zsczudec.pl\/spotkanie-z-policjantem\/\">&#8212;&#8211; CZYTAJ DALEJ &#8212;&#8211;<\/a>\n\n\n\n<p><\/p>\n\n\n\n<p><\/p>\n","protected":false},"excerpt":{"rendered":"<p>27-05-2012Nasz udzia\u0142 w Ekogali 2012.W dniach 25-27 maja br. uczniowie klasy II Technikum Hotelarstwa w Zespole Szk\u00f3\u0142 w Czudcu: Agnieszka Czaja, Patrycja [&hellip;]<\/p>\n","protected":false},"author":1,"featured_media":0,"parent":0,"menu_order":0,"comment_status":"closed","ping_status":"closed","template":"","meta":{"footnotes":""},"class_list":["post-1275","page","type-page","status-publish","hentry"],"_links":{"self":[{"href":"https:\/\/www.zsczudec.pl\/index.php?rest_route=\/wp\/v2\/pages\/1275","targetHints":{"allow":["GET"]}}],"collection":[{"href":"https:\/\/www.zsczudec.pl\/index.php?rest_route=\/wp\/v2\/pages"}],"about":[{"href":"https:\/\/www.zsczudec.pl\/index.php?rest_route=\/wp\/v2\/types\/page"}],"author":[{"embeddable":true,"href":"https:\/\/www.zsczudec.pl\/index.php?rest_route=\/wp\/v2\/users\/1"}],"replies":[{"embeddable":true,"href":"https:\/\/www.zsczudec.pl\/index.php?rest_route=%2Fwp%2Fv2%2Fcomments&post=1275"}],"version-history":[{"count":19,"href":"https:\/\/www.zsczudec.pl\/index.php?rest_route=\/wp\/v2\/pages\/1275\/revisions"}],"predecessor-version":[{"id":1320,"href":"https:\/\/www.zsczudec.pl\/index.php?rest_route=\/wp\/v2\/pages\/1275\/revisions\/1320"}],"wp:attachment":[{"href":"https:\/\/www.zsczudec.pl\/index.php?rest_route=%2Fwp%2Fv2%2Fmedia&parent=1275"}],"curies":[{"name":"wp","href":"https:\/\/api.w.org\/{rel}","templated":true}]}}

Szkoła Promująca Zdrowie

<p><em>27-05-2012<br></em><strong>Nasz udział w Ekogali 2012.</strong><br>W dniach 25-27 maja br. uczniowie klasy II Technikum Hotelarstwa w Zespole Szkół w Czudcu: Agnieszka Czaja, Patrycja Fąfara, Łukasz Golesz, Arkadiusz Marciniec, Patryk Oliwa, Kinga Piękoś i Szymon Salamon uczestniczyli w VI Międzynarodowych Targach Żywności Ekologicznej Ekogala w Rzeszowie.</p>



&#8212;&#8211; CZYTAJ DALEJ &#8212;&#8211;



<p></p>



<p><em>21-05-2012<br></em><strong>Pozytywny czy negatywny wpływ grillowania na organizm człowieka? Lekcja w ramach Programu Szkoła Promująca Zdrowie.</strong><br>W dniu 21 maja 2012 roku, w Zespole Szkół w Czudcu odbyła się lekcja na temat <strong>,&#8221;Wpływ grillowania na organizm człowieka&#8221;</strong>.</p>



<div class="wp-block-group"><div class="wp-block-group__inner-container is-layout-flow wp-block-group-is-layout-flow">
<a href="http://www.zsczudec.pl/pozytywny-czy-negatywny-wplyw-grillowania-na-organizm-czlowieka-lekcja-w-ramach-programu-szkola-promujaca-zdrowie/">&#8212;&#8211; CZYTAJ DALEJ &#8212;&#8211;</a>
</div></div>



<p></p>



<div class="wp-block-group"><div class="wp-block-group__inner-container is-layout-flow wp-block-group-is-layout-flow">
<p><em>09-12-2011<br></em><strong>„16 Dni Akcji Przeciwko Przemocy ze Względu na Płeć&#8221;.</strong><br>W czasie <strong>&#8222;16 Dni Akcji Przeciwko Przemocy ze Względu na Płeć&#8221;</strong> oraz<strong> „Kampanii Białej Wstążki” </strong>&#8211; akcji, obchodzonej na całym świecie w dniu 09.12.2011 r., przedstawicielka Fundacji Autonomia z Krakowa, pani Maria Zimny zrealizowała trzygodzinne warsztaty dla przedstawicieli samorządów klasowych i samorządu szkolnego.</p>
</div></div>



<a href="http://www.zsczudec.pl/16-dni-akcji-przeciwko-przemocy-ze-wzgledu-na-plec/">&#8212;&#8211; CZYTAJ DALEJ &#8212;&#8211;</a>



<p> </p>



<p><em>01-12-2011<br></em><strong>I grudnia &#8211; Dzień Walki z HIV i AIDS.</strong><br>Z okazji Światowego Dnia Walki z AIDS w naszej szkole odbył się konkurs, którego celem było sprawdzenie wiedzy uczniów na temat historii tej choroby, jej skutków oraz sposobów uniknięcia zarażenia.</p>



<a href="http://www.zsczudec.pl/i-grudnia-dzien-walki-z-hiv-i-aids/">&#8212;&#8211; CZYTAJ DALEJ &#8212;&#8211;</a>



<p> </p>



<p></p>



<p><em>30-11-2011</em><br><strong>Spotkanie rodziców z asp. szt. Panem Romualdem Janusz, specjalistą ds. prasowo &#8211; informacyjnych w Komendzie Powiatowej Policji w Strzyżowie.</strong><br>Dnia 30 listopada 2011 r. podczas szkolnej wywiadówki w Zespole Szkół w Czudcu policjant Komendy Powiatowej Policji w Strzyżowie asp. szt. Romuald Janusz, przeprowadził ciekawy wykład profilaktyczno &#8211; informacyjny dla wszystkich rodziców, podczas którego poruszył wiele zagadnień.</p>



<a href="http://www.zsczudec.pl/spotkanie-rodzicow-z-asp-szt-panem-romualdem-janusz-specjalista-ds-prasowo-informacyjnych-w-komendzie-powiatowej-policji-w-strzyzowie/">&#8212;&#8211; CZYTAJ DALEJ &#8212;&#8211;</a>



<p></p>



<p><em>17-11-2011<br></em><strong>Spektakl &#8222;Fotka&#8221;</strong><br>Dzięki współpracy z Gminną Komisją ds. Rozwiązywania Problemów Alkoholowych przy Gminie Czudec oraz z panią dyrektor Gminnego Ośrodka Pomocy Społecznej Marią Jamrozik &#8211; Skalską w dniu 17 listopada 2011 r. w Zespole Szkół w Czudcu odbył się spektakl teatralno &#8211; profilaktyczny <strong>&#8222;Fotka&#8221;</strong>.</p>



<a href="http://www.zsczudec.pl/spektakl-fotka/">&#8212;&#8211; CZYTAJ DALEJ &#8212;&#8211;</a>



<p></p>



<p><em>27-10-2011<br></em><strong>Spotkanie grona pedagogicznego z policjantem.</strong><br>W dniu 27 października 2011 r. w Zespole Szkół w Czudcu, policjant Komendy Powiatowej Policji w Strzyżowie st. asp. Romuald Janusz, przeprowadził ciekawą pogadankę dla nauczycieli.</p>



<a href="http://www.zsczudec.pl/spotkanie-grona-pedagogicznego-z-policjantem/">&#8212;&#8211; CZYTAJ DALEJ &#8212;&#8211;</a>



<p></p>



<p><em>22-09-2011<br></em><strong>Spotkanie z policjantem.</strong><br>W dniu 29-09-2011 r. w Zespole Szkół w Czudcu przeprowadzone zostały zajęcia dla młodzieży z policjantem Komendy Powiatowej Policji w Strzyżowie st. asp. Romualdem Januszem.</p>



<a href="http://www.zsczudec.pl/spotkanie-z-policjantem/">&#8212;&#8211; CZYTAJ DALEJ &#8212;&#8211;</a>



<p></p>



<p></p>

<p>27-05-2012Nasz udział w Ekogali 2012.W dniach 25-27 maja br. uczniowie klasy II Technikum Hotelarstwa w Zespole Szkół w Czudcu: Agnieszka Czaja, Patrycja [&hellip;]</p>
